+ 10. What is the units digit of o?
8
Suppose -17 + 75 = w. Suppose -20 = 4*a, 5*s - 3*a - 147 = w. What is the units digit of s?
8
What is the hundreds digit of (-101 + 3)*(-15)/10?
1
Let i(w) = -41*w + 8. What is the units digit of i(-2)?
0
Suppose -6 = 2*o - 5*s + 14, -3*o - 13 = s. What is the units digit of 2/(-6)*(2 + o)?
1
Suppose 3*m - m + v = 236, 3*m - 2*v = 361. What is the hundreds digit of m?
1
Suppose 4*d + 360 = -k + 1027, 5*d = 3*k + 855. What is the hundreds digit of d?
1
Let f(l) = l**2 + 3*l - 1. Let a be f(-6). Suppose 5*t - 143 = -4*j, -a - 14 = -t - 2*j. What is the units digit of t?
7
Suppose 2*y - h = 220, -2*h + 10 = 2. What is the units digit of y?
2
Suppose -320 + 26 = -3*b. Suppose -4*t + 58 = -b. What is the tens digit of t?
3
What is the units digit of -4 - 3/(-2)*4?
2
Suppose -7*o + 4*o = -6. Suppose f - 84 = -o*f. What is the tens digit of f?
2
Let n = -2 - -3. Suppose -3*r + 2*r - 3*z - n = 0, r - 29 = 3*z. What is the units digit of r?
4
Let f = -7 + 28. Let k be ((-4)/(-3))/(14/f). Suppose -3*y = -4 - k. What is the units digit of y?
2
Let r(w) = -w**3 - 6*w**2 - 6*w + 2. Let h = -7 + 2. What is the units digit of r(h)?
7
Suppose -2*k = -0*k - 10, -2*k - 85 = -u. What is the tens digit of u?
9
Suppose 4*d = 8, 0 = 2*i + 5*d - 4 - 6. Suppose 4*c = -0*c + 3*h + 8, 3*h = i. What is the units digit of (-1)/1*(c + -9)?
7
Suppose 20*d = 16*d + 796. What is the hundreds digit of d?
1
Let z be -8 + (-1)/(4/8). What is the units digit of 512/40 - 2/z?
3
Let m = 47 - 17. What is the units digit of m?
0
Suppose 10*b + 132 = 11*b. What is the units digit of b?
2
What is the units digit of 0 + -46*2/(-4)?
3
Suppose 19*f - 21*f + 266 = 0. What is the units digit of f?
3
What is the hundreds digit of 1 - ((-21)/2)/((-6)/(-104))?
1
Let o be 2/(-4) - 21/6. Let m(i) = i**2 + i - 4. What is the units digit of m(o)?
8
Let k = -20 + 48. Suppose -b + 5*b = k. What is the units digit of b?
7
Suppose 4*r + 18 = -3*w, w - 2*r = -0*w + 4. What is the units digit of ((-153)/18)/(1/w)?
7
Let h(u) = 3*u + 1. Let f be h(-4). Let q = f - -16. Suppose q*v - 2 = 8. What is the units digit of v?
2
Let k(c) = 13*c + 5. Let f be k(8). Let m = f + -64. What is the tens digit of m?
4
Let h = -7 + 15. What is the units digit of h?
8
Suppose 3*n = 245 + 4. Suppose 5*j + n = -32. Let a = -14 - j. What is the units digit of a?
9
Let u(l) = l**3 - 12*l**2 + 12*l - 15. Let d be u(11). What is the tens digit of d/(-14) - (-570)/14?
4
Let h = 17 - -17. Suppose 2*p = -0*p + h. What is the tens digit of p?
1
Let n(h) = -h**2 + 7*h - 2. Let x = -2 + 7. What is the units digit of n(x)?
8
What is the units digit of (-235)/20*2*-2?
7
Suppose 37 = x - 7. Suppose -56 = -w + z - 24, 2*z = -2*w + x. What is the tens digit of w?
2
Let c be 80/(-15)*15/(-4). Suppose 5*k = -5*s + c, 12 = 2*s - k + 2*k. What is the units digit of s?
8
What is the units digit of (13 - 9)*(-1 + 0 - -2)?
4
Let w(t) = t**2 - 2*t + 2. Let i be w(3). What is the units digit of 3 + 5/(i/36)?
9
Let s be (-40)/(-12)*24/10. Suppose s*g - 3*g - 4*j = 5, -3*g = 4*j - 35. Suppose -1 = 3*x - g*i + 3*i, 3*i = x + 5. What is the units digit of x?
1
Suppose -5*y - 20 = -5*z, -5 = 2*y - 2*z - 3*z. Let a(j) = -j**2 - 6*j. What is the units digit of a(y)?
5
Let n = -3 - -8. Suppose -5*a = -q, 0 = -n*q + a + a. Let d = q + 6. What is the units digit of d?
6
Let a = -5 - -3. Let k(t) = -4*t**2 + t + 2. Let b be k(-2). What is the units digit of a - (-2 + b)/2?
7
What is the tens digit of (107/4)/(126/24 - 5)?
0
Let k(z) = -2*z. Let c be k(-9). Let l = c - 36. Let u = -10 - l. What is the units digit of u?
8
Let f(u) = -u**3 + 5*u**2 + 6*u + 4. What is the tens digit of f(5)?
3
Let q = -72 - -89. What is the units digit of q?
7
What is the units digit of 27/(-36) - (-79)/4?
9
Suppose -3*u - 5*a + 24 = 0, -6 = 2*u - 0*a - 4*a. Let f = u - 8. What is the units digit of -5*(-1 - (-3)/f)?
8
Suppose 0 = 5*v + 2*n - 356, -7*n + 2*n - 298 = -4*v. What is the units digit of (v/28)/((-2)/(-14))?
8
Let l be (-1)/(-4) + (-127)/(-4). Let u = -18 + l. What is the tens digit of u/(-4)*(-120)/42?
1
Suppose 0 = -5*v - 4*z - 3 + 1, -18 = -3*v + 4*z. Let d be 0/v*(-5)/10. Suppose d = 3*g + g - 28. What is the units digit of g?
7
Suppose -o = 4*h + 4*o + 2, -5*o = 5*h. Suppose 3*l + 2*g - 20 = -l, -h*g = -3*l + 8. What is the units digit of l?
4
Let z be (-3)/(-9) + 2/(-6). Suppose z = 4*k + k. Suppose s - 4 = -k*s. What is the units digit of s?
4
Let y(z) = -6*z**3 + 9*z**2 - 6*z - 5. Let w(k) = 5*k**3 - 8*k**2 + 5*k + 4. Let m(v) = 7*w(v) + 6*y(v). What is the tens digit of m(-4)?
3
Let f = 314 + -195. Suppose -5*v + f = 3*r + r, 5*v + 2*r = 117. What is the units digit of v?
3
Suppose -5*n + 490 = 5*g, -4*n + 276 = -n - 3*g. What is the tens digit of n?
9
Let z(j) = -j - 7. Let t be z(-5). Let p be (0/(2 + -5))/t. Suppose -3*v - 9 = p, -c - 4*v + 3 = 4*c. What is the units digit of c?
3
Let y(k) = -3*k**2 - 5*k - 2. Suppose 4*u = 3*u + b - 10, 0 = 4*u - b + 25. Let s be y(u). What is the units digit of (-2)/4 + s/(-8)?
6
Suppose -4*m - 5*v = -196, -120 = -m - 2*m + 3*v. What is the tens digit of m?
4
Suppose 32 - 76 = -y. What is the units digit of y?
4
Let h(z) = -2*z**2 + 3*z. Let v be h(3). Let r = 17 + v. What is the units digit of r?
8
Suppose 0 = 8*g - 7*g - 70. What is the tens digit of g?
7
Let o = 10 - 6. What is the units digit of o?
4
Let k be (-18)/3*(2/(-12) + 0). Let w(r) = r**3 + 3*r**3 + 0*r**2 + r - 2*r**2. What is the units digit of w(k)?
3
Let f = 4 - -2. Let r be (-16)/f*6/(-4). Suppose r*s = -s + 10. What is the units digit of s?
2
Let h(d) = d**2 - 15*d + 15. What is the units digit of h(14)?
1
Let i(t) = t**3 + 11*t**2 - 12*t + 2. Let f be i(-12). Let j(q) = -q**3 + 2*q**2 - 1. Let c be j(2). What is the units digit of c/f*(-36)/3?
6
Suppose -5*k + 0*k + 15 = 0. Suppose k*y - 20 + 5 = 0. Suppose -y*c = -c - 32. What is the units digit of c?
8
Let b(x) = -14*x**3 - 2*x**2 - 2*x - 3. Let d(a) = -55*a**3 - 9*a**2 - 9*a - 13. Let o(p) = -9*b(p) + 2*d(p). What is the units digit of o(1)?
7
Suppose 0 = 30*x - 14*x - 4272. What is the tens digit of x?
6
Suppose 5*d - 6 = p, -3*p - 2*p + 62 = -2*d. Let a = p + -7. What is the units digit of a?
7
Let v(j) = 2 - 2 - 9*j - 2. Suppose 15 = 3*m + 21. What is the units digit of v(m)?
6
Let q = 18 + -11. What is the units digit of q?
7
Suppose -l - 6 = -0*l. What is the units digit of ((-3)/(l/4))/2?
1
What is the tens digit of (-448)/(-5) - 6/(-15)?
9
Let s be 5 + 2 + (-6)/3. Suppose y + 5*h - 10 = 0, 20 = 3*y - y + 4*h. Let z = y - s. What is the units digit of z?
5
Suppose -3*u - 4*i + 476 + 89 = 0, -3*u - 2*i = -563. What is the tens digit of u?
8
Let u be ((-9)/(-6) - 2)*-2. Let s = 6 - u. What is the units digit of s?
5
Suppose 0 = 5*b + 2*u + 2*u - 4, -4*u = b + 12. Suppose -4*m - 5*g = -g - 20, m = -b*g + 8. What is the units digit of m?
4
Let l = 6 - 4. Suppose -4*k + k = 0, -2*k - 2 = -l*r. What is the units digit of r?
1
Let y be -2*(0 + 3 - 19). Let l = y - 14. What is the tens digit of l?
1
Let g(t) = t**3 + 10*t**2 + 10*t + 13. Let q be g(-9). Suppose 3*z + q = -4*k, -3*k - 2 = 4*z - k. Suppose z = 5*p - 60 + 15. What is the units digit of p?
9
What is the tens digit of (-606)/(-18) + (-2)/3?
3
Let z(y) = 4*y - 2. Let g = -5 - -7. What is the units digit of z(g)?
6
Suppose 28 = -5*c + 103. Suppose -k = q - 5, 0*q = 3*q - 3*k + c. What is the units digit of (-8)/(-3)*(3 + q)?
8
Let f(n) = 7*n - 1. Let o(j) = j + 1. Let d(m) = f(m) - 4*o(m). Let i be d(4). Let c(l) = l + 9. What is the tens digit of c(i)?
1
Suppose 2*y = -7 - 3. What is the units digit of 9/(-30)*6*y?
9
Let a(g) = -g**2 - 7*g + 8. Let h be a(-7). Let d = h - 2. Let o = 13 - d. What is the units digit of o?
7
Let b(y) = -3*y - 1. Let c be b(-2). Suppose -33 = 4*v - 177. Suppose -3*n = 5*r - 59, 0 = 2*r - 0*n - c*n - v. What is the tens digit of r?
1
Let r(q) = 3*q**2 - q - 1. Let b be r(-1). Suppose x = -x + 26. Let n = x - b. What is the tens digit of n?
1
Suppose -4*p - f = -260, 3*f = -2*p + 184 - 54. What is the tens digit of p?
6
Let a = -116 + 118. What is the units digit of a?
2
Let y(h) = -h**3 - 14*h**2 + 13*h - 14. What is the tens digit of y(-15)?
1
Suppose -4*t + 9 = 5*f